 common factor of 62080 and 1040.
80
Calculate the greatest common divisor of 279 and 23467.
31
Calculate the highest common divisor of 500 and 59725.
25
What is the highest common factor of 155 and 35495?
155
Calculate the greatest common factor of 2281728 and 768.
768
What is the highest common factor of 1700 and 8150?
50
Calculate the greatest common divisor of 257150 and 20.
10
What is the greatest common factor of 159 and 1052421?
159
Calculate the highest common divisor of 104 and 896.
8
What is the greatest common divisor of 2793 and 914242?
931
What is the highest common factor of 120 and 476985?
15
Calculate the highest common factor of 170490 and 30.
30
Calculate the greatest common divisor of 14 and 5075.
7
What is the highest common divisor of 371 and 8533000?
371
Calculate the greatest common factor of 35 and 1085.
35
Calculate the greatest common divisor of 29290 and 9280.
290
What is the greatest common divisor of 604 and 384597?
151
Calculate the greatest common factor of 121100 and 25900.
700
What is the highest common divisor of 11163 and 2013?
183
Calculate the highest common factor of 35161 and 77.
7
What is the greatest common factor of 13872 and 40800?
816
What is the highest common divisor of 231 and 246169?
77
What is the greatest common divisor of 730 and 12118?
146
What is the greatest common divisor of 41554 and 7426?
158
Calculate the highest common divisor of 1533941 and 118.
59
What is the highest common factor of 34 and 32674?
34
Calculate the highest common divisor of 21282 and 6.
6
What is the highest common factor of 1611 and 99?
9
Calculate the greatest common divisor of 17 and 42164.
1
What is the greatest common divisor of 8816 and 304?
304
What is the highest common factor of 17825 and 460?
115
What is the greatest common divisor of 8 and 1111864?
8
What is the greatest common divisor of 2223678 and 6?
6
Calculate the greatest common factor of 7460 and 44.
4
What is the highest common factor of 54 and 13550?
2
What is the greatest common divisor of 80038 and 42?
14
What is the highest common factor of 71893 and 306?
17
Calculate the greatest common divisor of 69273 and 5676.
129
Calculate the greatest common divisor of 11458 and 58301.
337
What is the highest common divisor of 162666 and 594?
18
What is the highest common divisor of 501124 and 364?
52
Calculate the highest common divisor of 72 and 104088.
24
What is the greatest common factor of 78848 and 42?
14
Calculate the greatest common divisor of 820509 and 3.
3
Calculate the greatest common factor of 1602 and 3402.
18
What is the greatest common divisor of 594 and 4572?
18
What is the greatest common factor of 1143418 and 2?
2
Calculate the greatest common divisor of 847521 and 45.
9
What is the highest common factor of 263858 and 56?
14
Calculate the greatest common divisor of 25968 and 432.
48
Calculate the highest common factor of 567399 and 246.
123
What is the highest common divisor of 38335 and 8525?
55
What is the greatest common factor of 26219 and 501?
167
What is the greatest common divisor of 22080 and 50370?
690
What is the highest common divisor of 6468 and 70609?
539
What is the greatest common factor of 54 and 25968?
6
What is the greatest common divisor of 36 and 3682356?
12
What is the greatest common factor of 436 and 18857?
109
What is the greatest common divisor of 48879 and 882?
9
Calculate the greatest common divisor of 1288 and 8568.
56
Calculate the highest common divisor of 597 and 18.
3
Calculate the greatest common factor of 704 and 43856.
16
Calculate the greatest common factor of 780 and 33735.
195
What is the highest common divisor of 49 and 48377?
7
Calculate the highest common factor of 399270 and 30.
30
Calculate the greatest common divisor of 3083190 and 330.
330
What is the greatest common factor of 22398 and 9?
3
Calculate the highest common factor of 24 and 180876.
12
Calculate the highest common factor of 8890704 and 32.
16
Calculate the highest common divisor of 936649 and 926.
463
What is the highest common factor of 65790 and 18834?
258
Calculate the highest common divisor of 756904 and 96.
8
What is the highest common factor of 70 and 114710?
10
Calculate the highest common factor of 10296 and 6204.
132
Calculate the highest common factor of 13134 and 198.
66
What is the highest common factor of 24681 and 57?
57
What is the greatest common factor of 291051 and 219?
219
What is the greatest common factor of 1012 and 803?
11
What is the highest common factor of 8 and 118464?
8
What is the greatest common divisor of 750 and 64650?
150
Calculate the greatest common divisor of 254 and 193294.
254
Calculate the highest common factor of 641560 and 13055.
1865
Calculate the greatest common divisor of 384 and 378624.
384
What is the highest common divisor of 292 and 278276?
292
Calculate the highest common divisor of 16 and 12752.
16
What is the highest common divisor of 62 and 1327234?
62
What is the greatest common divisor of 2322038 and 7985?
1597
What is the greatest common factor of 22 and 146014?
22
Calculate the highest common divisor of 631997 and 3219.
1073
What is the greatest common factor of 35487 and 72?
9
Calculate the highest common factor of 2220 and 12960.
60
Calculate the highest common factor of 7816 and 536.
8
What is the highest common divisor of 2 and 43969?
1
Calculate the highest common factor of 255 and 1335.
15
Calculate the greatest common factor of 358678 and 2.
2
Calculate the highest common divisor of 5580 and 4805.
155
Calculate the highest common factor of 21924 and 300440.
812
Calculate the greatest common factor of 131005 and 28595.
665
What is the greatest common divisor of 119 and 6237?
7
Calculate the greatest common divisor of 16605 and 36045.
405
Calculate the greatest common factor of 5499 and 14976.
117
What is the highest common divisor of 897 and 1261?
13
Calculate the highest common factor of 248440 and 20.
20
What is the greatest common factor of 4350 and 105618?
174
What is the highest common factor of 1005 and 105?
15
Calculate the highest common factor of 2880 and 13728.
96
Calculate the highest common divisor of 12363 and 7917.
39
Calculate the greatest common divisor of 72 and 3322512.
72
What is the highest common divisor of 222 and 197950?
74
Calculate the greatest common divisor of 8107 and 9514.
67
What is the highest common factor of 242 and 13189?
121
What is the greatest common divisor of 116 and 26767?
29
What is the highest common divisor of 552 and 43884?
276
What is the highest common divisor of 24 and 964856?
8
Calculate the highest common factor of 656163 and 9.
9
Calculate the highest common divisor of 1150 and 7820.
230
Calculate the highest common divisor of 26 and 55718.
26
What is the greatest common divisor of 11 and 2839826?
11
What is the highest common divisor of 39592 and 238?
14
What is the greatest common divisor of 129276 and 342?
342
What is the highest common factor of 189333 and 3860?
193
Calculate the greatest common factor of 24021 and 18411.
51
What is the highest common divisor of 299178 and 286?
22
Calculate the highest common factor of 2964981 and 3231.
1077
What is the greatest common factor of 2226 and 537420?
318
What is the greatest common divisor of 30 and 132000?
30
Calculate the greatest common divisor of 8 and 405944.
8
What is the highest common factor of 13281 and 309657?
699
Calculate the highest common divisor of 629 and 18853.
17
What is the greatest common divisor of 251459 and 4186?
299
What is the highest common factor of 134703 and 567?
81
What is the greatest common divisor of 2537140 and 4?
4
What is the greatest common factor of 6539174 and 1172?
586
What is the greatest common factor of 8463358 and 106?
106
What is the greatest common factor of 425160 and 900?
180
What is the highest common divisor of 1971254 and 1084?
542
What is the greatest common factor of 484 and 3641?
11
What is the greatest common divisor of 13588 and 37604?
316
What is the highest common factor of 1836 and 11488770?
918
What is the highest common divisor of 6 and 60390?
6
Calculate the highest common divisor of 63 and 146565.
9
What is the greatest common factor of 13032 and 97197?
543
Calculate the greatest common factor of 68680 an